ase 2.
-10100100
Convert 510 (base 7) to base 11.
20a
What is 2515 (base 7) in base 15?
42d
53 (base 16) to base 10
83
What is -60a (base 14) in base 3?
-1121221
What is 3865 (base 10) in base 11?
29a4
What is 2808 (base 10) in base 4?
223320
What is 1023 (base 6) in base 10?
231
160 (base 11) to base 9
227
Convert -117174 (base 8) to base 9.
-61580
-b51 (base 12) to base 8
-3155
Convert 4a (base 16) to base 3.
2202
Convert -481 (base 12) to base 7.
-1651
What is -8ea (base 15) in base 14?
-a44
37b (base 16) to base 2
1101111011
Convert -2c6 (base 14) to base 12.
-3b2
-266a (base 11) to base 8
-6610
22111 (base 3) to base 7
445
203752 (base 8) to base 9
112608
13405 (base 9) to base 11
6902
1c7c (base 13) to base 14
1812
What is -2aa14 (base 13) in base 9?
-132746
What is -55b (base 12) in base 3?
-1002022
-2255 (base 7) to base 9
-1115
What is 1059 (base 10) in base 4?
100203
What is 1100111101110 (base 2) in base 13?
3038
What is 26454 (base 8) in base 7?
45500
Convert 5a9 (base 15) to base 13.
77a
-10436 (base 8) to base 15
-1472
What is 298 (base 10) in base 12?
20a
What is 26b5 (base 12) in base 5?
120312
What is 18855 (base 9) in base 11?
9921
52 (base 8) to base 6
110
What is -1fb6 (base 16) in base 12?
-4846
37 (base 15) to base 11
48
What is -111111010 (base 2) in base 3?
-200202
Convert 1e5a (base 16) to base 6.
55550
Convert 42201 (base 5) to base 4.
223301
What is 10c3 (base 13) in base 8?
4464
Convert -4911 (base 11) to base 16.
-1919
3918 (base 10) to base 15
1263
111011202 (base 3) to base 2
10010110000101
Convert -6585 (base 16) to base 13.
-baa2
424013 (base 5) to base 7
56366
1284 (base 12) to base 5
31431
Convert -249 (base 16) to base 6.
-2413
11290 (base 11) to base 7
65363
Convert 11132 (base 4) to base 5.
2400
What is 1020 (base 3) in base 16?
21
Convert 2b82 (base 12) to base 15.
17c8
What is -393 (base 16) in base 6?
-4123
22012111 (base 3) to base 16
175c
Convert -20651 (base 9) to base 13.
-62a4
Convert 210344 (base 5) to base 16.
1b3e
112022202 (base 3) to base 8
24312
Convert -158 (base 14) to base 7.
-541
What is -1244 (base 6) in base 13?
-1b4
-1001101101101 (base 2) to base 7
-20333
What is 400442 (base 5) in base 14?
4858
What is 2f6 (base 16) in base 13?
464
Convert 100111010010 (base 2) to base 14.
cb8
Convert 1879 (base 10) to base 13.
b17
Convert -1112 (base 3) to base 8.
-51
Convert a30 (base 12) to base 8.
2704
Convert -2675 (base 12) to base 7.
-15566
11205 (base 6) to base 4
120311
Convert 1319 (base 10) to base 11.
a9a
Convert 982 (base 14) to base 2.
11101010110
What is -50155 (base 7) in base 13?
-5674
What is -10511 (base 7) in base 11?
-1aa3
What is 10022200 (base 3) in base 5?
34141
Convert -1000111101001 (base 2) to base 10.
-4585
-111001111110 (base 2) to base 16
-e7e
Convert 707 (base 12) to base 7.
2650
-3777 (base 8) to base 16
-7ff
320 (base 9) to base 15
126
Convert -27 (base 11) to base 10.
-29
Convert 51125 (base 6) to base 12.
3aa5
103574 (base 8) to base 6
424324
What is -411255 (base 6) in base 10?
-32723
Convert 100000101 (base 2) to base 10.
261
What is 7a85 (base 12) in base 14?
4d81
What is -181f (base 16) in base 3?
-22110201
What is -110c (base 15) in base 4?
-320130
Convert 100200 (base 3) to base 12.
199
-2210321 (base 5) to base 8
-112503
547 (base 9) to base 3
121121
What is 114043 (base 5) in base 12?
2581
Convert -116 (base 10) to base 16.
-74
-203222 (base 5) to base 9
-10150
What is 72a1 (base 13) in base 2?
11110111101000
What is 1318 (base 9) in base 13?
5b1
What is 1000110001 (base 2) in base 15?
276
Convert -1035d (base 14) to base 11.
-27404
Convert 478 (base 9) to base 2.
110001011
Convert -8257 (base 16) to base 12.
-17387
What is 3222 (base 5) in base 3?
121012
Convert -101011111010 (base 2) to base 13.
-1382
Convert -1bc (base 13) to base 11.
-275
-11222000 (base 3) to base 16
-e22
Convert 42a4 (base 11) to base 14.
20da
352 (base 14) to base 12
470
2183 (base 12) to base 4
321303
What is -5340 (base 6) in base 4?
-102330
Convert -2104 (base 6) to base 7.
-1243
111120 (base 3) to base 5
2431
What is a9d (base 14) in base 8?
4063
What is 31611 (base 8) in base 11?
9a04
What is 44403 (base 6) in base 12?
3703
What is -562 (base 13) in base 5?
-12200
What is -17615 (base 9) in base 3?
-121200112
6622 (base 7) to base 12
1454
-42234 (base 5) to base 8
-5403
What is -145111 (base 7) in base 3?
-1102122211
Convert -26cb (base 16) to base 15.
-2e21
What is 5654 (base 7) in base 3?
2210212
2746 (base 8) to base 6
10554
What is -3440 (base 9) in base 13?
-120c
What is 98 (base 14) in base 3?
11222
Convert 110101010001101 (base 2) to base 8.
65215
45 (base 8) to base 9
41
Convert 111011100011100 (base 2) to base 7.
154620
What is -10 (base 10) in base 2?
-1010
Convert -121 (base 4) to base 3.
-221
What is 2246 (base 8) in base 9?
1562
What is -500 (base 15) in base 6?
-5113
1111111100010 (base 2) to base 10
8162
95c (base 14) to base 2
11100110110
Convert 18b (base 16) to base 11.
32a
What is -10111110101110 (base 2) in base 16?
-2fae
What is 36634 (base 8) in base 14?
5a68
What is -304001 (base 5) in base 9?
-14483
Convert 24134 (base 6) to base 14.
13d0
-112212201 (base 3) to base 16
-2a5e
What is -556 (base 7) in base 2?
-100011110
-5310 (base 12) to base 6
-110020
What is -12573 (base 8) in base 7?
-22014
-110101110 (base 2) to base 12
-2ba
-12511 (base 10) to base 9
-18141
-10100110101 (base 2) to base 4
-110311
What is 1b93 (base 15) in base 6?
43420
3142 (base 6) to base 4
23012
What is -13 (base 5) in base 15?
-8
What is 101101 (base 2) in base 12?
39
Convert c61 (base 14) to base 16.
985
Convert -887 (base 9) to base 14.
-39d
Convert 1738 (base 9) to base 11.
1000
Convert 27854 (base 9) to base 10.
18922
What is 110200 (base 4) in base 14?
69a
-222 (base 14) to base 10
-422
20451 (base 7) to base 2
1001110101010
What is -1000120001 (base 3) in base 10?
-20089
What is -2122110012 (base 3) in base 12?
-26188
What is 833 (base 11) in base 16?
3ec
4300 (base 11) to base 9
7718
1176e (base 15) to base 10
55679
What is 245243 (base 6) in base 12?
10823
-10100101100 (base 2) to base 15
-5d4
Convert 320 (base 12) to base 6.
2040
359 (base 10) to base 12
25b
-2314 (base 7) to base 13
-4cc
What is -84 (base 9) in base 15?
-51
Convert -4473 (base 10) to base 2.
-1000101111001
15513 (base 6) to base 16
a05
2221001000 (base 3) to base 7
326661
What is -1750 (base 16) in base 9?
-8161
5204 (base 9) to base 5
110221
What is 24200 (base 5) in base 2?
11100001000
-2558 (base 13) to base 7
-21326
Convert -72406 (base 8) to base 3.
-1112002120
What is 142436 (base 7) in base 10?
27320
What is 4403 (base 9) in base 12?
1a63
What is -1010001101001 (base 2) in base 5?
-131400
Convert -22211002 (base 3) to base 11.
-4914
Convert 1719 (base 15) to base 12.
2a66
Convert 12d (base 16) to base 6.
1221
What is 491 (base 14) in base 9?
1222
Convert 202726 (base 8) to base 12.
3295a
What is 100001111110 (base 2) in base 10?
2174
15135 (base 6) to base 16
983
What is aaac (base 14) in base 7?
152105
What is -2210110022 (base 3) in base 11?
-38367
Convert -5545 (base 7) to base 6.
-13121
Convert -7708 (base 11) to base 13.
-4826
Convert -20622 (base 7) to base 12.
-2b60
Convert -21760 (base 8) to base 9.
-13552
35918 (base 12) to base 7
420251
Convert 781 (base 9) to base 8.
1200
Convert 5994 (base 10) to base 11.
455a
Convert 2a3 (base 11) to base 8.
543
Convert -101110011 (base 2) to base 15.
-19b
Convert -20626 (base 7) to base 15.
-17b1
What is 3532 (base 6) in base 15?
3b8
Convert 4c28 (base 13) to base 12.
6342
1088 (base 9) to base 10
809
Convert -483 (base 9) to base 14.
-207
-717 (base 8) to base 14
-251
-4102 (base 10) to base 4
-1000012
Convert -111100101 (base 2) to base 11.
-401
-130040 (base 5) to base 4
-1032130
-653 (base 12) to base 4
-32133
122 (base 15) to base 7
515
What is 2111112 (base 3) in base 13?
aa3
What is 433241 (base 5) in base 6?
152341
What is 14bc (base 13) in base 15?
d6d
Convert -23f (base 16) to base 9.
-708
Convert -6918 (base 15) to base 16.
-571a
-36014 (base 8) to base 13
-6cc6
-1021 (base 11) to base 7
-3643
cb (base 14) to base 9
218
What is 1020100 (base 3) in base 8?
1604
Convert -11752 (base 8) to base 10.
-5098
6122 (base 10) to base 15
1c32
Con